uppose 5*x - 6*x - 5*g + 802 = 0, 5*x - 3890 = i*g. List the prime factors of x.
2, 17, 23
List the prime factors of ((-1417)/436)/((-2)/1384).
13, 173
Let c be (-3 + 2)*(4 + 27). Let v = 7 + c. List the prime factors of 2/1*(-108)/v.
3
Let o(r) = -r**3 - 9*r**2 - 10*r + 50. Let q be o(-15). Suppose -3*i - 5*l = -1647 - 678, q = 2*i - 3*l. List the prime factors of i.
5, 31
Suppose g + g - 7143 = -3*r, -2*g + 3*r + 7125 = 0. List the prime factors of g.
3, 29, 41
Let y be -3 + (-4 - -15) - (-4 + 7). Suppose y*c - 4670 + 1390 = 0. List the prime factors of c.
2, 41
Suppose 47*z = 46*z - 367. Let b = z + 789. What are the prime factors of b?
2, 211
Suppose -3*q + 3*d = -4620, -d - 405 = -2*q + 2670. Let w = q + -1075. What are the prime factors of w?
2, 5, 23
Let m(q) = 11*q**2 - 4*q + 5. Suppose -16 = -5*o + 9*o - 5*j, 0 = 4*j - 16. List the prime factors of m(o).
2, 3
Let b(a) = 3*a**3 + a**2 + a + 1. Let l be b(-1). What are the prime factors of (0 - (-835)/15) + l/3?
5, 11
Let z = -182 - -184. Suppose 5*x - 322 = -2*d + 1816, -2138 = -z*d + 5*x. What are the prime factors of d?
1069
Suppose 21614 - 233255 = -47*g. List the prime factors of g.
3, 19, 79
Let r(l) = 392*l**2 + 501*l - 6114. List the prime factors of r(13).
7, 9521
Let t = 4287 + 3424. List the prime factors of t.
11, 701
Suppose -46 = -3*c - 3*x - 166, -4*c - x = 148. What are the prime factors of ((-176)/64)/(1/c)?
3, 11
Let c be (32/14)/4 + 21385/49. Let r = 444 + c. What are the prime factors of r?
881
Suppose -2*w - 28*r + 26*r + 1866 = 0, 5*r = w - 957. Suppose 2*q - 1120 = -5*g + w, 0 = 5*q + 2*g - 5153. List the prime factors of q.
1031
Let n(y) = 3*y**3 - 7*y**2 + 5*y - 1. Let a be (-5 - -3)/(1*2). Let f(w) = -6*w - 2. Let l be f(a). What are the prime factors of n(l)?
3, 11
Suppose -q = 5, -28 = 2*m - m + 5*q. Let j be ((-21)/(-6) + m)/((-1)/(-6)). What are the prime factors of 864/10 - (13/(-5) + j)?
2, 43
Suppose 15*w - 12 = 12*w. Suppose 183 = i - 5*v + 28, w*v = -16. Suppose -100 = -m + 5*t, 3*m - m + 3*t = i. List the prime factors of m.
3, 5
Let t(h) = 537*h - 85. List the prime factors of t(9).
2, 1187
Suppose -3*q = 5*u + 19, -23*q + 16 = -20*q - 2*u. Suppose -q*d - k = -2478, -2384 = -4*d + k + 2572. List the prime factors of d.
3, 7, 59
Suppose 34*b = -209727 + 1101683. List the prime factors of b.
2, 13, 1009
Let w(h) = h**3 + 33*h**2 + 16*h - 5. Let a be w(-31). Suppose -3*k = 5*i - 3613 + a, 5*k = -i + 3690. What are the prime factors of k?
739
Suppose -30*d + 4*d = 18*d - 619476. List the prime factors of d.
3, 13, 19
Suppose -19*m = -21*m + 112. Let b = m - -14. Suppose 5*q - 330 - b = 0. What are the prime factors of q?
2, 5
Suppose 4*w + 2662 = 2*k, 0*k - 2*k - 1316 = 2*w. Let x = 992 + w. Suppose 4*l - x - 7 = 0. What are the prime factors of l?
2, 3, 7
Let n be (6/2)/(33/418). Let h = -38 + n. What are the prime factors of (-5)/20*h - -33?
3, 11
Suppose 4*j - 28452 = 2*t, 26*t - 35556 = -5*j + 24*t. List the prime factors of j.
2, 7, 127
Let c(y) = -51*y**3 + 17*y**2 - 84*y - 76. What are the prime factors of c(-10)?
2, 41, 163
Let j(s) = -s**3 - 31*s**2 + 26*s + 50. Let d be ((-80)/25)/(2/20). List the prime factors of j(d).
2, 11
Let f(j) = -3*j**3 - 132*j**2 - 4*j - 85. What are the prime factors of f(-46)?
3, 5, 853
Suppose 4167 = c + 3*b, 0 = c + 5*b - 118 - 4059. What are the prime factors of c?
2, 3, 173
Let i(f) = -f**3 - 97*f**2 - 463*f + 219. What are the prime factors of i(-92)?
3, 5, 11
Let r(p) = 41*p**3 - 13*p**2 - 31*p + 54. List the prime factors of r(7).
3, 4421
Let l = -770 - -1150. Suppose 138 - l = -2*y. List the prime factors of y.
11
Let v be (-8)/(-60) + 7/((-210)/(-1616)). List the prime factors of 653 - (-36)/v*(-6)/4.
2, 163
Let c = 20871 - 8098. What are the prime factors of c?
53, 241
Suppose 129330 = 46*j - 83696. List the prime factors of j.
11, 421
Let i(v) = 168*v**2 + 899*v + 11467. List the prime factors of i(-13).
2, 7043
Let a(u) = -3*u - 9. Let v be a(-4). Suppose -4*d = 2*i - 202, 2*d + v*i - 53 = d. Let f = d - 34. What are the prime factors of f?
2
Suppose 5*u - u = 36. Let t(p) = -p**3 + 10*p**2 - 3*p - 1. Let h be t(u). Suppose 2*d - h = 99. What are the prime factors of d?
2, 19
Let o(g) = 731*g - 1310. List the prime factors of o(13).
3, 2731
Let d(w) = -26*w**2 + 21*w + 14. Let j be d(-8). Let o = -1188 - j. Suppose -4*f = 3*f - o. What are the prime factors of f?
2, 3, 5
Let a(c) be the third derivative of 439*c**4/12 - 3*c**3/2 + 62*c**2. List the prime factors of a(1).
11, 79
What are the prime factors of (13 + (-3306)/4*-10)*(-2)/(-4)?
4139
Suppose -5*d = -d - 9723 - 29077. What are the prime factors of d?
2, 5, 97
Let i(a) = -30*a - 4. Let f = 39 - 36. Suppose -2*r - 7 = 5*l - 0*r, 2*l - f*r = 1. List the prime factors of i(l).
2, 13
Suppose -c - c - 14 = 0, -l = -5*c - 24334. What are the prime factors of l?
11, 47
Suppose 12*u + 6771 = 28695. List the prime factors of u.
3, 7, 29
Let u = 63002 - 33098. List the prime factors of u.
2, 3, 7, 89
Suppose -n - 28*n + 852 = -17*n. List the prime factors of n.
71
Let y be -7*((-63)/147 - 5/(-7)). What are the prime factors of (-32)/(-64) + (-465)/y?
233
Let h(u) = -u**2 - u + 37. Let d(s) = -4*s + 12. Let c be d(3). Let o be h(c). Suppose 9 = z - o. What are the prime factors of z?
2, 23
Suppose -5*d = -5, 4*d = -3*m - 190 + 740. What are the prime factors of m?
2, 7, 13
Let b(z) = -5*z**3 + 3*z**2 - 3*z + 1. Let w be b(1). Suppose -4*c - 15 = c. What are the prime factors of 1/c + w*119/(-6)?
79
Let j(g) = g**3 + 6*g**2 - 30*g - 22. Let r be j(-9). Suppose -2*n + 232 = -2*o, r*o = -1 + 26. List the prime factors of n.
11
Let u(v) = v**2 - 18*v - 161. List the prime factors of u(54).
1783
Suppose 615152 = 29*u + 68*u - 72869. What are the prime factors of u?
41, 173
Suppose -133 = -58*r + 39*r. Suppose 2*j - s = 379, -4*s - 193 = 6*j - r*j. What are the prime factors of j?
3, 7
Let x(c) be the first derivative of -23*c**3/3 + c**2 - c + 19. Let z be x(2). Let q = 257 + z. List the prime factors of q.
2, 3, 7
Suppose 2*y + 5*v = 915 + 6215, 3*y - 10695 = v. What are the prime factors of y?
5, 23, 31
Let p = -155 + 452. Let l = -132 + p. List the prime factors of l.
3, 5, 11
Suppose 261 = 11*b - 20*b. Suppose -22*z = -15*z - 1323. Let j = z + b. List the prime factors of j.
2, 5
Let q = -168 - -181. Suppose -q*s = -1879 - 2437. List the prime factors of s.
2, 83
Suppose -2*o - 2 = 0, 0 = v - 5*o - 2925 - 3060. What are the prime factors of v?
2, 5, 13, 23
Let y(j) = -17*j - 25. Let q(m) = -18*m - 26. Let n = -40 - -46. Let k(f) = n*y(f) - 5*q(f). List the prime factors of k(-7).
2
Let b(t) = -9586*t - 2023. List the prime factors of b(-3).
5, 5347
Suppose 0 = -2*k + 6*k + 88. Let o = k + 19. List the prime factors of -25*o/3 + -2.
23
Let l(v) = 2*v**2 - 11*v + 4. Let o be 42/(-15)*5/(-2). Let a be l(o). Let q = a + -5. List the prime factors of q.
2, 5
Let h = -16924 + 30088. List the prime factors of h.
2, 3, 1097
Suppose -36*q + 97 = 3*p - 35*q, -46 = -2*p + 4*q. List the prime factors of p.
31
Suppose x - 55064 = 4*a, 141*a - 165107 = -3*x + 136*a. What are the prime factors of x?
2, 3, 11, 139
Let r(v) = 13*v**2 + 12*v - 32. Let k(o) = -2*o**3 - 4*o**2 + 4. Let p be k(-2). What are the prime factors of r(p)?
2, 7
Let b be ((-66)/(-55))/(-3 - 5147/(-1715)). Let c = b - 308. What are the prime factors of c?
7, 103
What are the prime factors of 3868/(-144)*-489 + (-8)/((-576)/(-6))?
5, 37, 71
List the prime factors of (14 - -3214)/(-12)*-17.
17, 269
Let h be (-3)/15 - (-851)/5. Let v = 235 - h. What are the prime factors of v?
5, 13
Let y be (-1)/(-8) + (-345)/(-184). Suppose y*m + a = 618, -m + 5*a + 316 = 2*a. What are the prime factors of m?
2, 5, 31
Let r(w) = w**2 + 7*w - 26. Suppose -54 = -3*h - 3*h. Let c be r(h). Suppose 5*b = 3*m - c, -3*m = m + b - 188. List the prime factors of m.
2, 23
Let l be 0 - 13 - 4/(-2). Let m(d) be the third derivative of -7*d**4/24 + 41*d**3/6 - 17*d**2 - d. List the prime factors of m(l).
2, 59
Let g(j) = 38*j**2 + 846*j - 19. List the prime factors of g(-30).
13, 677
Let n be -35 + 33 - (0 + (-376)/(-2)). Let a = 479 + n. List the prime factors of a.
17
Let p be -1 - -2*4/(-16)*-6. Let n(r) = -2*r**2 + 7*r**p + 1